{"id":10,"date":"2016-09-05T13:31:58","date_gmt":"2016-09-05T13:31:58","guid":{"rendered":"http:\/\/farmacia-lusitana.com\/?page_id=10"},"modified":"2025-01-03T15:51:26","modified_gmt":"2025-01-03T15:51:26","slug":"pagina-inicial","status":"publish","type":"page","link":"https:\/\/www.farmacialusitana.com\/","title":{"rendered":"In\u00edcio"},"content":{"rendered":"<div class=\"be-section         clearfix\" data-headerscheme=\"background--light\" style=\" \"  ><div class=\"be-section-pad clearfix \" style=\" padding-top:20px;padding-bottom:20px;\" data-padding-top = \"20\"><div  class=\"be-row be-wrap clearfix zero-bottom \"><div  class=\"one-col column-block clearfix  no-background    \" data-animation=\"\" style=\"  \"><div class=\"be-custom-column-inner\"><div class=\"grid-wrap \" data-col=\"4\" style=\"border-color: #dddddd; align-center\"><div class=\"grid-col  be-animate align-center\" data-animation=\"fadeIn\"><i class=\"font-icon icon-clock xlarge \" style=\"color: #757575;\"><\/i><div class=\"grid-info\"><h5 style=\"text-align: center;\"><span style=\"color: #757575;\"><strong>TODOS OS DIAS<br \/>\n<\/strong><\/span><\/h5>\n<p style=\"text-align: center;\"><span style=\"color: #757575;\">Segunda a sexta:<br \/>\n8h30 &#8211; 21h00<br \/>\n<\/span><span style=\"color: #757575;\">S\u00e1bados e feriados:<br \/>\n9h00 \u2013 20h00<br \/>\n<\/span><span style=\"color: #757575;\">Domingos:<br \/>\n9h00 \u2013 13h00<\/span><\/p>\n<\/div><\/div><div class=\"grid-col  be-animate align-center\" data-animation=\"fadeIn\"><i class=\"font-icon icon-phone xlarge \" style=\"color: #757575;\"><\/i><div class=\"grid-info\"><h5 style=\"text-align: center;\"><span style=\"color: #808080;\">252 633 133<br \/>\n<\/span><\/h5>\n<p style=\"text-align: center;\"><span style=\"color: #757575;\">A qualquer hora, ligue-nos.<br \/>\n(chamada rede fixa nacional)<\/span><\/p>\n<p>&nbsp;<\/p>\n<\/div><\/div><div class=\"grid-col  be-animate align-center\" data-animation=\"fadeIn\"><i class=\"font-icon icon-heart2 xlarge \" style=\"color: #757575;\"><\/i><div class=\"grid-info\"><h5 style=\"text-align: center;\"><span style=\"color: #757575;\">SA\u00daDE<\/span><\/h5>\n<p style=\"text-align: center;\"><span style=\"color: #757575;\">Confie numa equipa de profissionais respons\u00e1veis.<br \/>\n<\/span><\/p>\n<\/div><\/div><div class=\"grid-col  be-animate align-center\" data-animation=\"fadeIn\"><i class=\"font-icon icon-icon_bag xlarge \" style=\"color: #757575;\"><\/i><div class=\"grid-info\"><h5 style=\"text-align: center;\"><span style=\"color: #757575;\">COMPRE ONLINE<\/span><\/h5>\n<p style=\"text-align: center;\"><span style=\"color: #757575;\">Atrav\u00e9s desta p\u00e1gina:<br \/>\n<a href=\"https:\/\/www.pharmeestore.com\" target=\"blank\">www.pharmeestore.com<\/a><br \/>\n<\/span><\/p>\n<\/div><\/div><\/div><\/div><\/div><\/div><\/div><\/div><div class=\"be-section         clearfix\" data-headerscheme=\"background--light\" style=\" \"  ><div class=\"be-section-pad clearfix \" style=\" padding-top:0px;padding-bottom:20px;\" data-padding-top = \"0\"><div class=\"be-row-wrap be-column-spacing clearfix\" style=\"border-spacing:25px 0;\"><div  class=\"be-row be-wrap  \"><div  class=\"one-half column-block  with-background be-bg-cover   \" data-animation=\"\" style=\"background-color: #ffffff;  vertical-align: top;\"><div class=\"be-custom-column-pad\" style=\"padding-top: 0px;padding-right: 10px;padding-bottom: 10px;padding-left: 10px;\">\n<div id=\"sb_instagram\"  class=\"sbi sbi_mob_col_1 sbi_tab_col_2 sbi_col_1 sbi_width_resp\" style=\"width: 100%;height: 100%;\" data-feedid=\"sbi_farmacialusitana#1\"  data-res=\"auto\" data-cols=\"1\" data-colsmobile=\"1\" data-colstablet=\"2\" data-num=\"1\" data-nummobile=\"\" data-item-padding=\"\" data-shortcode-atts=\"{}\"  data-postid=\"10\" data-locatornonce=\"b49ee83e2c\" data-sbi-flags=\"favorLocal\">\n\t<div class=\"sb_instagram_header \"   >\n\t<a class=\"sbi_header_link\" target=\"_blank\" rel=\"nofollow noopener\" href=\"https:\/\/www.instagram.com\/farmacialusitana\/\" title=\"@farmacialusitana\">\n\t\t<div class=\"sbi_header_text\">\n\t\t\t<div class=\"sbi_header_img\"  data-avatar-url=\"https:\/\/scontent-lhr6-2.xx.fbcdn.net\/v\/t51.2885-15\/10388039_555413774568416_626264346_a.jpg?_nc_cat=105&amp;ccb=1-7&amp;_nc_sid=7d201b&amp;_nc_ohc=jCoze_WVt8IQ7kNvwEdsoVq&amp;_nc_oc=AdqFhTBsHtwgDUvtdES-_RqvAnPMLiCpG3ZTKEQwwJyaneGsjJH_fMSWR8NJZJ62N58&amp;_nc_zt=23&amp;_nc_ht=scontent-lhr6-2.xx&amp;edm=AL-3X8kEAAAA&amp;oh=00_Af4r3Zyh_npHGHh5HyEAbro6c1JKrMgpQBo7ZYsODLGiKA&amp;oe=6A01C1EE\">\n\t\t\t\t\t\t\t\t\t<div class=\"sbi_header_img_hover\"  ><svg class=\"sbi_new_logo fa-instagram fa-w-14\" aria-hidden=\"true\" data-fa-processed=\"\" aria-label=\"Instagram\" data-prefix=\"fab\" data-icon=\"instagram\" role=\"img\" viewBox=\"0 0 448 512\">\n\t                <path fill=\"currentColor\" d=\"M224.1 141c-63.6 0-114.9 51.3-114.9 114.9s51.3 114.9 114.9 114.9S339 319.5 339 255.9 287.7 141 224.1 141zm0 189.6c-41.1 0-74.7-33.5-74.7-74.7s33.5-74.7 74.7-74.7 74.7 33.5 74.7 74.7-33.6 74.7-74.7 74.7zm146.4-194.3c0 14.9-12 26.8-26.8 26.8-14.9 0-26.8-12-26.8-26.8s12-26.8 26.8-26.8 26.8 12 26.8 26.8zm76.1 27.2c-1.7-35.9-9.9-67.7-36.2-93.9-26.2-26.2-58-34.4-93.9-36.2-37-2.1-147.9-2.1-184.9 0-35.8 1.7-67.6 9.9-93.9 36.1s-34.4 58-36.2 93.9c-2.1 37-2.1 147.9 0 184.9 1.7 35.9 9.9 67.7 36.2 93.9s58 34.4 93.9 36.2c37 2.1 147.9 2.1 184.9 0 35.9-1.7 67.7-9.9 93.9-36.2 26.2-26.2 34.4-58 36.2-93.9 2.1-37 2.1-147.8 0-184.8zM398.8 388c-7.8 19.6-22.9 34.7-42.6 42.6-29.5 11.7-99.5 9-132.1 9s-102.7 2.6-132.1-9c-19.6-7.8-34.7-22.9-42.6-42.6-11.7-29.5-9-99.5-9-132.1s-2.6-102.7 9-132.1c7.8-19.6 22.9-34.7 42.6-42.6 29.5-11.7 99.5-9 132.1-9s102.7-2.6 132.1 9c19.6 7.8 34.7 22.9 42.6 42.6 11.7 29.5 9 99.5 9 132.1s2.7 102.7-9 132.1z\"><\/path>\n\t            <\/svg><\/div>\n\t\t\t\t\t<img  src=\"https:\/\/www.farmacialusitana.com\/wp-content\/uploads\/sb-instagram-feed-images\/farmacialusitana.webp\" alt=\"Farm\u00e1cia Lusitana\" width=\"50\" height=\"50\">\n\t\t\t\t\t\t\t\t\t\t\t<\/div>\n\n\t\t\t<div class=\"sbi_feedtheme_header_text\">\n\t\t\t\t<h3>farmacialusitana<\/h3>\n\t\t\t\t\t\t\t\t\t<p class=\"sbi_bio\">Farm\u00e1cia Lusitana, 365 dias por ano, a sua farm\u00e1cia em Vila do Conde, sempre!<\/p>\n\t\t\t\t\t\t\t<\/div>\n\t\t<\/div>\n\t<\/a>\n<\/div>\n\n    <div id=\"sbi_images\" >\n\t\t<div class=\"sbi_item sbi_type_carousel sbi_new sbi_transition\" id=\"sbi_17851359174677915\" data-date=\"1778013381\">\n    <div class=\"sbi_photo_wrap\">\n        <a class=\"sbi_photo\" href=\"https:\/\/www.instagram.com\/p\/DX-HoakDICm\/\" target=\"_blank\" rel=\"noopener nofollow\" data-full-res=\"https:\/\/scontent-lhr6-1.cdninstagram.com\/v\/t51.82787-15\/685944033_18577960447036974_8886025875380655238_n.jpg?stp=dst-jpg_e35_tt6&#038;_nc_cat=110&#038;ccb=7-5&#038;_nc_sid=18de74&#038;efg=eyJlZmdfdGFnIjoiQ0FST1VTRUxfSVRFTS5iZXN0X2ltYWdlX3VybGdlbi5DMyJ9&#038;_nc_ohc=Q5GWrGXcaTUQ7kNvwGxCZda&#038;_nc_oc=Adr19rrXLU4WtvyO-vlU0xNzTT4dPVhaOMvq7889raHfEBuwumi3GAMRi4V9eFMERXk&#038;_nc_zt=23&#038;_nc_ht=scontent-lhr6-1.cdninstagram.com&#038;edm=AM6HXa8EAAAA&#038;_nc_gid=LtuV9bXi4KGgq-y45Goq1A&#038;oh=00_Af6942LsK6qU7dPbVjFfj24Jocu2I4oaolLf7IIG5J0afg&#038;oe=6A01C817\" data-img-src-set=\"{&quot;d&quot;:&quot;https:\\\/\\\/scontent-lhr6-1.cdninstagram.com\\\/v\\\/t51.82787-15\\\/685944033_18577960447036974_8886025875380655238_n.jpg?stp=dst-jpg_e35_tt6&amp;_nc_cat=110&amp;ccb=7-5&amp;_nc_sid=18de74&amp;efg=eyJlZmdfdGFnIjoiQ0FST1VTRUxfSVRFTS5iZXN0X2ltYWdlX3VybGdlbi5DMyJ9&amp;_nc_ohc=Q5GWrGXcaTUQ7kNvwGxCZda&amp;_nc_oc=Adr19rrXLU4WtvyO-vlU0xNzTT4dPVhaOMvq7889raHfEBuwumi3GAMRi4V9eFMERXk&amp;_nc_zt=23&amp;_nc_ht=scontent-lhr6-1.cdninstagram.com&amp;edm=AM6HXa8EAAAA&amp;_nc_gid=LtuV9bXi4KGgq-y45Goq1A&amp;oh=00_Af6942LsK6qU7dPbVjFfj24Jocu2I4oaolLf7IIG5J0afg&amp;oe=6A01C817&quot;,&quot;150&quot;:&quot;https:\\\/\\\/scontent-lhr6-1.cdninstagram.com\\\/v\\\/t51.82787-15\\\/685944033_18577960447036974_8886025875380655238_n.jpg?stp=dst-jpg_e35_tt6&amp;_nc_cat=110&amp;ccb=7-5&amp;_nc_sid=18de74&amp;efg=eyJlZmdfdGFnIjoiQ0FST1VTRUxfSVRFTS5iZXN0X2ltYWdlX3VybGdlbi5DMyJ9&amp;_nc_ohc=Q5GWrGXcaTUQ7kNvwGxCZda&amp;_nc_oc=Adr19rrXLU4WtvyO-vlU0xNzTT4dPVhaOMvq7889raHfEBuwumi3GAMRi4V9eFMERXk&amp;_nc_zt=23&amp;_nc_ht=scontent-lhr6-1.cdninstagram.com&amp;edm=AM6HXa8EAAAA&amp;_nc_gid=LtuV9bXi4KGgq-y45Goq1A&amp;oh=00_Af6942LsK6qU7dPbVjFfj24Jocu2I4oaolLf7IIG5J0afg&amp;oe=6A01C817&quot;,&quot;320&quot;:&quot;https:\\\/\\\/scontent-lhr6-1.cdninstagram.com\\\/v\\\/t51.82787-15\\\/685944033_18577960447036974_8886025875380655238_n.jpg?stp=dst-jpg_e35_tt6&amp;_nc_cat=110&amp;ccb=7-5&amp;_nc_sid=18de74&amp;efg=eyJlZmdfdGFnIjoiQ0FST1VTRUxfSVRFTS5iZXN0X2ltYWdlX3VybGdlbi5DMyJ9&amp;_nc_ohc=Q5GWrGXcaTUQ7kNvwGxCZda&amp;_nc_oc=Adr19rrXLU4WtvyO-vlU0xNzTT4dPVhaOMvq7889raHfEBuwumi3GAMRi4V9eFMERXk&amp;_nc_zt=23&amp;_nc_ht=scontent-lhr6-1.cdninstagram.com&amp;edm=AM6HXa8EAAAA&amp;_nc_gid=LtuV9bXi4KGgq-y45Goq1A&amp;oh=00_Af6942LsK6qU7dPbVjFfj24Jocu2I4oaolLf7IIG5J0afg&amp;oe=6A01C817&quot;,&quot;640&quot;:&quot;https:\\\/\\\/scontent-lhr6-1.cdninstagram.com\\\/v\\\/t51.82787-15\\\/685944033_18577960447036974_8886025875380655238_n.jpg?stp=dst-jpg_e35_tt6&amp;_nc_cat=110&amp;ccb=7-5&amp;_nc_sid=18de74&amp;efg=eyJlZmdfdGFnIjoiQ0FST1VTRUxfSVRFTS5iZXN0X2ltYWdlX3VybGdlbi5DMyJ9&amp;_nc_ohc=Q5GWrGXcaTUQ7kNvwGxCZda&amp;_nc_oc=Adr19rrXLU4WtvyO-vlU0xNzTT4dPVhaOMvq7889raHfEBuwumi3GAMRi4V9eFMERXk&amp;_nc_zt=23&amp;_nc_ht=scontent-lhr6-1.cdninstagram.com&amp;edm=AM6HXa8EAAAA&amp;_nc_gid=LtuV9bXi4KGgq-y45Goq1A&amp;oh=00_Af6942LsK6qU7dPbVjFfj24Jocu2I4oaolLf7IIG5J0afg&amp;oe=6A01C817&quot;}\">\n            <span class=\"sbi-screenreader\">\ud83c\udf38 O seu momento de cuidado come\u00e7a aqui \u2014 dat<\/span>\n            <svg class=\"svg-inline--fa fa-clone fa-w-16 sbi_lightbox_carousel_icon\" aria-hidden=\"true\" aria-label=\"Clone\" data-fa-pro\u0192cessed=\"\" data-prefix=\"far\" data-icon=\"clone\" role=\"img\" xmlns=\"http:\/\/www.w3.org\/2000\/svg\" viewBox=\"0 0 512 512\">\n\t                <path fill=\"currentColor\" d=\"M464 0H144c-26.51 0-48 21.49-48 48v48H48c-26.51 0-48 21.49-48 48v320c0 26.51 21.49 48 48 48h320c26.51 0 48-21.49 48-48v-48h48c26.51 0 48-21.49 48-48V48c0-26.51-21.49-48-48-48zM362 464H54a6 6 0 0 1-6-6V150a6 6 0 0 1 6-6h42v224c0 26.51 21.49 48 48 48h224v42a6 6 0 0 1-6 6zm96-96H150a6 6 0 0 1-6-6V54a6 6 0 0 1 6-6h308a6 6 0 0 1 6 6v308a6 6 0 0 1-6 6z\"><\/path>\n\t            <\/svg>\t                    <img src=\"https:\/\/www.farmacialusitana.com\/wp-content\/plugins\/instagram-feed\/img\/placeholder.png\" alt=\"\ud83c\udf38 O seu momento de cuidado come\u00e7a aqui \u2014 datas das Conselheiras de maio\ud83c\udf38\n\nMais do que descontos, o dia de Conselheira \u00e9 uma oportunidade para ter uma conversa personalizada, tirar d\u00favidas sobre cosm\u00e9tica e receber recomenda\u00e7\u00f5es personalizadas! \u00c9 um momento de aten\u00e7\u00e3o e cuidado que vai muito al\u00e9m do pre\u00e7o.\nConsulte as datas para as Farm\u00e1cias Lusitana e Normal, marque na agenda e venha visitar-nos. \nPorque cuidar de si merece tempo e aten\u00e7\u00e3o.\ud83d\udc9a\">\n        <\/a>\n    <\/div>\n<\/div>    <\/div>\n\n\t<div id=\"sbi_load\" >\n\n\t\n\t\t\t<span class=\"sbi_follow_btn\">\n        <a href=\"https:\/\/www.instagram.com\/farmacialusitana\/\" target=\"_blank\" rel=\"nofollow noopener\">\n            <svg class=\"svg-inline--fa fa-instagram fa-w-14\" aria-hidden=\"true\" data-fa-processed=\"\" aria-label=\"Instagram\" data-prefix=\"fab\" data-icon=\"instagram\" role=\"img\" viewBox=\"0 0 448 512\">\n\t                <path fill=\"currentColor\" d=\"M224.1 141c-63.6 0-114.9 51.3-114.9 114.9s51.3 114.9 114.9 114.9S339 319.5 339 255.9 287.7 141 224.1 141zm0 189.6c-41.1 0-74.7-33.5-74.7-74.7s33.5-74.7 74.7-74.7 74.7 33.5 74.7 74.7-33.6 74.7-74.7 74.7zm146.4-194.3c0 14.9-12 26.8-26.8 26.8-14.9 0-26.8-12-26.8-26.8s12-26.8 26.8-26.8 26.8 12 26.8 26.8zm76.1 27.2c-1.7-35.9-9.9-67.7-36.2-93.9-26.2-26.2-58-34.4-93.9-36.2-37-2.1-147.9-2.1-184.9 0-35.8 1.7-67.6 9.9-93.9 36.1s-34.4 58-36.2 93.9c-2.1 37-2.1 147.9 0 184.9 1.7 35.9 9.9 67.7 36.2 93.9s58 34.4 93.9 36.2c37 2.1 147.9 2.1 184.9 0 35.9-1.7 67.7-9.9 93.9-36.2 26.2-26.2 34.4-58 36.2-93.9 2.1-37 2.1-147.8 0-184.8zM398.8 388c-7.8 19.6-22.9 34.7-42.6 42.6-29.5 11.7-99.5 9-132.1 9s-102.7 2.6-132.1-9c-19.6-7.8-34.7-22.9-42.6-42.6-11.7-29.5-9-99.5-9-132.1s-2.6-102.7 9-132.1c7.8-19.6 22.9-34.7 42.6-42.6 29.5-11.7 99.5-9 132.1-9s102.7-2.6 132.1 9c19.6 7.8 34.7 22.9 42.6 42.6 11.7 29.5 9 99.5 9 132.1s2.7 102.7-9 132.1z\"><\/path>\n\t            <\/svg>            <span>Siga-nos no INSTAGRAM<\/span>\n        <\/a>\n    <\/span>\n\t\n<\/div>\n\n\t    <span class=\"sbi_resized_image_data\" data-feed-id=\"sbi_farmacialusitana#1\" data-resized=\"{&quot;17851359174677915&quot;:{&quot;id&quot;:&quot;685944033_18577960447036974_8886025875380655238_n&quot;,&quot;ratio&quot;:&quot;0.80&quot;,&quot;sizes&quot;:{&quot;full&quot;:640,&quot;low&quot;:320,&quot;thumb&quot;:150},&quot;extension&quot;:&quot;.webp&quot;}}\">\n\t<\/span>\n\t<\/div>\n\n<\/div><\/div><div  class=\"one-half column-block  no-background    \" data-animation=\"\" style=\"  \"><div class=\"be-custom-column-inner\"><div class=\"call-to-action be-shortcode clearfix \" data-animation=\"fadeIn\" style=\"background: #369436\"><h4 class=\"action-content\" style=\"color:#ffffff;\">NOT\u00cdCIAS E DICAS<\/h4><\/div><div class=\"cff-wrapper\"><div class=\"cff-wrapper-ctn \" ><div id=\"cff\"  class=\"cff cff-list-container  cff-default-styles  cff-mob-cols-1 cff-tab-cols-1\"    data-char=\"400\" ><div class=\"cff-error-msg\">\n\t<div>\n\t\t<i class=\"fa fa-lock\" aria-hidden=\"true\" style=\"margin-right: 5px;\"><\/i><b>This message is only visible to admins.<\/b><br\/>\n\t\tProblem displaying Facebook posts. Backup cache in use.\t\t\t\t\t<\/div>\n\t\t\t\t\t\t\t<b>PPCA Error:<\/b> Due to Facebook API changes it is no longer possible to display a feed from a Facebook Page you are not an admin of. The Facebook feed below is not using a valid Access Token for this Facebook page and so has stopped updating.\t\t\t\t\t\t\n\t\t\t\t\n<\/div>\n<div class=\"cff-posts-wrap\"><\/div><input class=\"cff-pag-url\" type=\"hidden\" data-locatornonce=\"7648ee9364\" data-cff-shortcode=\"\" data-post-id=\"10\" data-feed-id=\"109080009235762\"><\/div><\/div><div class=\"cff-clear\"><\/div><\/div><\/div><\/div><\/div><\/div><\/div><\/div><div class=\"be-section   be-bg-cover be-bg-parallax     clearfix\" data-headerscheme=\"background--light\" style=\" background: url(https:\/\/www.farmacialusitana.com\/wp-content\/uploads\/2016\/09\/JBS_0627_conv.jpg) no-repeat fixed center center;\"  ><div class=\"be-section-pad clearfix be-edge-padding\" style=\" padding-top:30px;padding-bottom:30px;padding-left:30%; padding-right:30%;\" data-padding-top = \"30\"><div class=\"be-row-wrap be-column-spacing clearfix\" style=\"border-spacing:5px 0;\"><div  class=\"be-row be-wrap  zero-bottom \"><div  class=\"one-fourth column-block  no-background    \" data-animation=\"\" style=\"  \"><div class=\"be-custom-column-inner\"><div class=\"display-block\"><div class=\"animate-icon-module-style1-wrap-container\"><div class=\"animate-icon-module-style1-wrap clearfix\" style=\"height: 300px;\" data-gutter-width=\"30\"><a href=\" http:\/\/lusitananormal.page.link\/app\" class=\"animate-icon-module-style1 be-bg-cover animate-icon-module be-bg-overlay bottom-animate\" data-bg-color=\"#915e34\" data-hover-bg-color=\"#ffffff\" style=\"margin-bottom: 30px; background-color: #915e34; \"><div class=\"animate-icon-module-normal-content\"><div class=\"display-table\"><div class=\"display-table-cell vertical-align-middle\"><i class=\"font-icon icon-phone2\" style=\"font-size: 50px;color: #ffffff;\"><\/i><H5 class=\"title_content\" style=\"color: #ffffff;\">Instale a App<\/H5><\/div><\/div><\/div><div class=\"animate-icon-module-hover-content\"><div class=\"display-table\"><div class=\"display-table-cell vertical-align-middle\"><p style=\"text-align: center;\">Instale\na nossa&nbsp; Aplica\u00e7\u00e3o\npara o seu Telem\u00f3vel<\/p><\/div><\/div><\/div><\/a><\/div><\/div><\/div><\/div><\/div><div  class=\"one-fourth column-block  no-background    \" data-animation=\"\" style=\"  \"><div class=\"be-custom-column-inner\"><div class=\"display-block\"><div class=\"animate-icon-module-style1-wrap-container\"><div class=\"animate-icon-module-style1-wrap clearfix\" style=\"height: 300px;\" data-gutter-width=\"30\"><a href=\"https:\/\/www.farmacialusitana.com\/index.php\/contactos-farmacia-lusitana-vila-do-conde-de-servico\/\" class=\"animate-icon-module-style1 be-bg-cover animate-icon-module be-bg-overlay bottom-animate\" data-bg-color=\"#369436\" data-hover-bg-color=\"#ffffff\" style=\"margin-bottom: 30px; background-color: #369436; \"><div class=\"animate-icon-module-normal-content\"><div class=\"display-table\"><div class=\"display-table-cell vertical-align-middle\"><i class=\"font-icon icon-email\" style=\"font-size: 50px;color: #ffffff;\"><\/i><H5 class=\"title_content\" style=\"color: #ffffff;\">fale connosco<\/H5><\/div><\/div><\/div><div class=\"animate-icon-module-hover-content\"><div class=\"display-table\"><div class=\"display-table-cell vertical-align-middle\">Conhe\u00e7a as v\u00e1rias formas de nos contactar.<\/div><\/div><\/div><\/a><\/div><\/div><\/div><\/div><\/div><div  class=\"one-fourth column-block  no-background    \" data-animation=\"\" style=\"  \"><div class=\"be-custom-column-inner\"><div class=\"display-block\"><div class=\"animate-icon-module-style1-wrap-container\"><div class=\"animate-icon-module-style1-wrap clearfix\" style=\"height: 300px;\" data-gutter-width=\"30\"><a href=\"https:\/\/www.facebook.com\/farmacia.perfumaria.lusitana\/\" class=\"animate-icon-module-style1 be-bg-cover animate-icon-module be-bg-overlay bottom-animate\" data-bg-color=\"#3e5997\" data-hover-bg-color=\"#ffffff\" style=\"margin-bottom: 30px; background-color: #3e5997; \"><div class=\"animate-icon-module-normal-content\"><div class=\"display-table\"><div class=\"display-table-cell vertical-align-middle\"><i class=\"font-icon icon-facebook3\" style=\"font-size: 50px;color: #ffffff;\"><\/i><H5 class=\"title_content\" style=\"color: #ffffff;\">Siga-nos<\/H5><\/div><\/div><\/div><div class=\"animate-icon-module-hover-content\"><div class=\"display-table\"><div class=\"display-table-cell vertical-align-middle\">Siga-nos no facebook, deixando o seu \"gosto\".<\/div><\/div><\/div><\/a><\/div><\/div><\/div><\/div><\/div><div  class=\"one-fourth column-block  no-background    \" data-animation=\"\" style=\"  \"><div class=\"be-custom-column-inner\"><div class=\"display-block\"><div class=\"animate-icon-module-style1-wrap-container\"><div class=\"animate-icon-module-style1-wrap clearfix\" style=\"height: 300px;\" data-gutter-width=\"30\"><a href=\"https:\/\/www.instagram.com\/farmacialusitana\/\" class=\"animate-icon-module-style1 be-bg-cover animate-icon-module be-bg-overlay bottom-animate\" data-bg-color=\"#cc4949\" data-hover-bg-color=\"#ffffff\" style=\"margin-bottom: 30px; background-color: #cc4949; \"><div class=\"animate-icon-module-normal-content\"><div class=\"display-table\"><div class=\"display-table-cell vertical-align-middle\"><i class=\"font-icon icon-social_instagram\" style=\"font-size: 50px;color: #ffffff;\"><\/i><H5 class=\"title_content\" style=\"color: #ffffff;\">Instagram<\/H5><\/div><\/div><\/div><div class=\"animate-icon-module-hover-content\"><div class=\"display-table\"><div class=\"display-table-cell vertical-align-middle\"><p style=\"text-align: center;\">Acompanhe as fotografias que publicamos no Instagram.<\/p><\/div><\/div><\/div><\/a><\/div><\/div><\/div><\/div><\/div><\/div><\/div><\/div><\/div><div class=\"be-section         clearfix\" data-headerscheme=\"background--light\" style=\" background-color: #777777;\"  ><div class=\"be-section-pad clearfix \" style=\" padding-top:15px;padding-bottom:15px;\" data-padding-top = \"15\"><div  class=\"be-row be-wrap clearfix \"><div  class=\"one-col column-block clearfix  no-background    \" data-animation=\"\" style=\"  \"><div class=\"be-custom-column-inner\"><\/div><\/div><\/div><\/div><\/div>","protected":false},"excerpt":{"rendered":"<p>TODOS OS DIAS Segunda a sexta: 8h30 &#8211; 21h00 S\u00e1bados e feriados: 9h00 \u2013 20h00 Domingos: 9h00 \u2013 13h00 252 633 133 A qualquer hora, ligue-nos. (chamada rede fixa nacional) [&hellip;]<\/p>\n<p><a href=\"https:\/\/www.farmacialusitana.com\/\" class=\"more-link style1-button\">Read More<\/a><\/p>","protected":false},"author":1,"featured_media":0,"parent":0,"menu_order":0,"comment_status":"closed","ping_status":"closed","template":"","meta":[],"_links":{"self":[{"href":"https:\/\/www.farmacialusitana.com\/index.php\/wp-json\/wp\/v2\/pages\/10"}],"collection":[{"href":"https:\/\/www.farmacialusitana.com\/index.php\/wp-json\/wp\/v2\/pages"}],"about":[{"href":"https:\/\/www.farmacialusitana.com\/index.php\/wp-json\/wp\/v2\/types\/page"}],"author":[{"embeddable":true,"href":"https:\/\/www.farmacialusitana.com\/index.php\/wp-json\/wp\/v2\/users\/1"}],"replies":[{"embeddable":true,"href":"https:\/\/www.farmacialusitana.com\/index.php\/wp-json\/wp\/v2\/comments?post=10"}],"version-history":[{"count":10,"href":"https:\/\/www.farmacialusitana.com\/index.php\/wp-json\/wp\/v2\/pages\/10\/revisions"}],"predecessor-version":[{"id":90,"href":"https:\/\/www.farmacialusitana.com\/index.php\/wp-json\/wp\/v2\/pages\/10\/revisions\/90"}],"wp:attachment":[{"href":"https:\/\/www.farmacialusitana.com\/index.php\/wp-json\/wp\/v2\/media?parent=10"}],"curies":[{"name":"wp","href":"https:\/\/api.w.org\/{rel}","templated":true}]}}