{"id":98,"date":"2016-09-06T21:35:33","date_gmt":"2016-09-06T21:35:33","guid":{"rendered":"http:\/\/www.farmacia-lusitana.com\/?page_id=98"},"modified":"2024-02-02T14:56:15","modified_gmt":"2024-02-02T14:56:15","slug":"a-farmacia","status":"publish","type":"page","link":"https:\/\/www.farmacialusitana.com\/index.php\/a-farmacia\/","title":{"rendered":"Farm\u00e1cia"},"content":{"rendered":"<div class=\"be-section         clearfix\" data-headerscheme=\"background--light\" style=\" \"  data-title = \"ttile\"><div class=\"be-section-pad clearfix be-edge-padding\" style=\" padding-top:20px;padding-bottom:20px;padding-left:10%; padding-right:10%;\" data-padding-top = \"20\"><div  class=\"be-row be-wrap clearfix \"><div  class=\"one-col column-block clearfix  no-background    \" data-animation=\"\" style=\"  \"><div class=\"be-custom-column-inner\"><div class=\"special-heading-wrap style3 \" data-animation=\"fadeIn\"><div class=\"special-heading align-center\"><h4 class=\"special-h-tag\" style=\"color: \">A Sa\u00fade \u00e9 o nosso bem mais precioso. <\/h4><\/div><\/div><hr class=\"separator\" style=\"background-color:#eeeeee;color:#eeeeee;height:2px;width:100%;\" \/><\/div><\/div><\/div><\/div><\/div><div class=\"be-section         clearfix\" data-headerscheme=\"background--light\" style=\" background-color: #ffffff;border-bottom:0px solid #eeee22;\"  ><div class=\"be-section-pad clearfix be-edge-padding\" style=\" padding-top:10px;padding-bottom:10px;padding-left:15%; padding-right:15%;\" data-padding-top = \"10\"><div  class=\"be-row  \"><div  class=\"one-third column-block  no-background    \" data-animation=\"\" style=\"  \"><div class=\"be-custom-column-inner\"><div class=\" content-slide-wrap\" data-animation=\"flash\" ><div class=\" content-slider clearfix\"><ul class=\"clearfix slides content_slider_module clearfix\" data-slide-show=\"0\" data-slide-show-speed=\"4000\" data-slide-animation-type=\"slide\"><li class=\"content_slide slide clearfix\"><div class=\"content_slide_inner\" style=\"width: 400%\"><div class=\"content-slide-content\"><p><img class=\"alignnone wp-image-187 size-medium\" src=\"https:\/\/www.farmacialusitana.com\/wp-content\/uploads\/2016\/09\/IMG_9658-300x298.jpg\" alt=\"IMG_9658\" width=\"300\" height=\"298\"><\/p>\n<\/div><\/div><\/li><li class=\"content_slide slide clearfix\"><div class=\"content_slide_inner\" style=\"width: 400%\"><div class=\"content-slide-content\"><p><img class=\"alignnone size-medium wp-image-188\" src=\"https:\/\/www.farmacia-lusitana.com\/wp-content\/uploads\/2016\/09\/IMG_9659-300x222.jpg\" alt=\"IMG_9659\" width=\"300\" height=\"222\"><\/p>\n<\/div><\/div><\/li><\/ul><\/div><\/div><\/div><\/div><div  class=\"two-third column-block  no-background    \" data-animation=\"\" style=\"  vertical-align: top;\"><div class=\"be-custom-column-inner\"><h4><strong>SERVI\u00c7OS FARMAC\u00caUTICOS<\/strong><\/h4>\n<p>. Tens\u00e3o arterial<br \/>\n. Peso, Altura, IMC<br \/>\n. Administra\u00e7\u00e3o de Vacinas (n\u00e3o inclu\u00eddas no plano nacional de Vacina\u00e7\u00e3o)<br \/>\n. Valormed (recolha de medicamentos fora de prazo)<br \/>\n. Sess\u00e3o de Nutri\u00e7\u00e3o (todas as sextas-feira&nbsp; das 09:00 \u00e0s 19:00) Good Diet<br \/>\n. Podologia<br \/>\n. Audiologista \u2013 Rastreio Gratuito<\/p>\n<\/div><\/div><\/div><\/div><\/div><div class=\"be-section         clearfix\" data-headerscheme=\"background--light\" style=\" \"  data-title = \"ttile\"><div class=\"be-section-pad clearfix be-edge-padding\" style=\" padding-top:20px;padding-bottom:20px;padding-left:10%; padding-right:10%;\" data-padding-top = \"20\"><div  class=\"be-row be-wrap clearfix \"><div  class=\"one-col column-block clearfix  no-background    \" data-animation=\"\" style=\"  \"><div class=\"be-custom-column-inner\"><hr class=\"separator\" style=\"background-color:#eeeeee;color:#eeeeee;height:2px;width:100%;\" \/><\/div><\/div><\/div><\/div><\/div><div class=\"be-section         clearfix\" data-headerscheme=\"background--light\" style=\" background-color: #ffffff;border-bottom:0px solid #eeee22;\"  ><div class=\"be-section-pad clearfix be-edge-padding\" style=\" padding-top:10px;padding-bottom:10px;padding-left:15%; padding-right:15%;\" data-padding-top = \"10\"><div  class=\"be-row  \"><div  class=\"one-third column-block  no-background    \" data-animation=\"\" style=\"  \"><div class=\"be-custom-column-inner\"><div class=\" content-slide-wrap\" data-animation=\"flash\" ><div class=\" content-slider clearfix\"><ul class=\"clearfix slides content_slider_module clearfix\" data-slide-show=\"0\" data-slide-show-speed=\"4000\" data-slide-animation-type=\"slide\"><li class=\"content_slide slide clearfix\"><div class=\"content_slide_inner\" style=\"width: 400%\"><div class=\"content-slide-content\"><p><img class=\"alignnone wp-image-35 size-medium\" src=\"https:\/\/www.farmacialusitana.com\/wp-content\/uploads\/2016\/09\/fl03-300x200.jpg\" alt=\"fl03\" width=\"300\" height=\"200\"><\/p>\n<\/div><\/div><\/li><\/ul><\/div><\/div><\/div><\/div><div  class=\"two-third column-block  no-background    \" data-animation=\"\" style=\"  vertical-align: top;\"><div class=\"be-custom-column-inner\"><h4><strong>TESTES<\/strong><\/h4>\n<p>. Gravidez<br \/>\n. Creatinina<br \/>\n. Glicemia<br \/>\n. Hemoglobina<br \/>\n. Colestrol<br \/>\n. Triglicer\u00eddeos,<br \/>\n. \u00c1cido \u00farico<br \/>\n. PSA<\/p>\n<\/div><\/div><\/div><\/div><\/div><div class=\"be-section         clearfix\" data-headerscheme=\"background--light\" style=\" \"  data-title = \"ttile\"><div class=\"be-section-pad clearfix be-edge-padding\" style=\" padding-top:20px;padding-bottom:20px;padding-left:10%; padding-right:10%;\" data-padding-top = \"20\"><div  class=\"be-row be-wrap clearfix \"><div  class=\"one-col column-block clearfix  no-background    \" data-animation=\"\" style=\"  \"><div class=\"be-custom-column-inner\"><hr class=\"separator\" style=\"background-color:#eeeeee;color:#eeeeee;height:2px;width:100%;\" \/><\/div><\/div><\/div><\/div><\/div><div class=\"be-section         clearfix\" data-headerscheme=\"background--light\" style=\" background-color: #ffffff;border-bottom:0px solid #eeee22;\"  ><div class=\"be-section-pad clearfix be-edge-padding\" style=\" padding-top:10px;padding-bottom:10px;padding-left:15%; padding-right:15%;\" data-padding-top = \"10\"><div  class=\"be-row  \"><div  class=\"one-third column-block  no-background    \" data-animation=\"\" style=\"  \"><div class=\"be-custom-column-inner\"><div class=\" content-slide-wrap\" data-animation=\"flash\" ><div class=\" content-slider clearfix\"><ul class=\"clearfix slides content_slider_module clearfix\" data-slide-show=\"0\" data-slide-show-speed=\"4000\" data-slide-animation-type=\"slide\"><li class=\"content_slide slide clearfix\"><div class=\"content_slide_inner\" style=\"width: 400%\"><div class=\"content-slide-content\"><p><img class=\"alignnone wp-image-212 size-medium\" src=\"https:\/\/www.farmacialusitana.com\/wp-content\/uploads\/2016\/09\/JBS_0479_conv-1-300x200.jpg\" alt=\"JBS_0479_conv\" width=\"300\" height=\"200\"><\/p>\n<\/div><\/div><\/li><\/ul><\/div><\/div><\/div><\/div><div  class=\"two-third column-block  no-background    \" data-animation=\"\" style=\"  vertical-align: top;\"><div class=\"be-custom-column-inner\"><h4><strong>ORTOPEDIA<\/strong><\/h4>\n<p>. Camas Articuladas<br \/>\n. Cadeiras de Rodas<br \/>\n. Canadianas, bengalas e andarilhos<br \/>\n. Ajudas t\u00e9cnicas<br \/>\n. Ort\u00f3teses<\/p>\n<\/div><\/div><\/div><\/div><\/div><div class=\"be-section         clearfix\" data-headerscheme=\"background--light\" style=\" \"  data-title = \"ttile\"><div class=\"be-section-pad clearfix be-edge-padding\" style=\" padding-top:20px;padding-bottom:20px;padding-left:10%; padding-right:10%;\" data-padding-top = \"20\"><div  class=\"be-row be-wrap clearfix \"><div  class=\"one-col column-block clearfix  no-background    \" data-animation=\"\" style=\"  \"><div class=\"be-custom-column-inner\"><hr class=\"separator\" style=\"background-color:#eeeeee;color:#eeeeee;height:2px;width:100%;\" \/><\/div><\/div><\/div><\/div><\/div><div class=\"be-section         clearfix\" data-headerscheme=\"background--light\" style=\" background-color: #ffffff;border-bottom:0px solid #eeee22;\"  ><div class=\"be-section-pad clearfix be-edge-padding\" style=\" padding-top:10px;padding-bottom:10px;padding-left:15%; padding-right:15%;\" data-padding-top = \"10\"><div  class=\"be-row  \"><div  class=\"one-third column-block  no-background    \" data-animation=\"\" style=\"  \"><div class=\"be-custom-column-inner\"><div class=\" content-slide-wrap\" data-animation=\"flash\" ><div class=\" content-slider clearfix\"><ul class=\"clearfix slides content_slider_module clearfix\" data-slide-show=\"0\" data-slide-show-speed=\"4000\" data-slide-animation-type=\"slide\"><li class=\"content_slide slide clearfix\"><div class=\"content_slide_inner\" style=\"width: 400%\"><div class=\"content-slide-content\"><p><img class=\"alignnone wp-image-213 size-medium\" src=\"https:\/\/www.farmacialusitana.com\/wp-content\/uploads\/2016\/09\/JBS_0733_conv-1-300x200.jpg\" alt=\"JBS_0733_conv\" width=\"300\" height=\"200\"><\/p>\n<\/div><\/div><\/li><li class=\"content_slide slide clearfix\"><div class=\"content_slide_inner\" style=\"width: 400%\"><div class=\"content-slide-content\"><p><img class=\"alignnone wp-image-205 size-medium\" src=\"https:\/\/www.farmacialusitana.com\/wp-content\/uploads\/2016\/09\/JBS_0740_conv-300x200.jpg\" alt=\"JBS_0740_conv\" width=\"300\" height=\"200\"><\/p>\n<\/div><\/div><\/li><\/ul><\/div><\/div><\/div><\/div><div  class=\"two-third column-block  no-background    \" data-animation=\"\" style=\"  vertical-align: top;\"><div class=\"be-custom-column-inner\"><h4><strong>MANIPULADOS<\/strong><\/h4>\n<p>. Medicamentos feitos no nosso laborat\u00f3rio espec\u00edficos para cada situa\u00e7\u00e3o cl\u00ednica<\/p>\n<\/div><\/div><\/div><\/div><\/div><div class=\"be-section         clearfix\" data-headerscheme=\"background--light\" style=\" \"  data-title = \"ttile\"><div class=\"be-section-pad clearfix be-edge-padding\" style=\" padding-top:20px;padding-bottom:20px;padding-left:10%; padding-right:10%;\" data-padding-top = \"20\"><div  class=\"be-row be-wrap clearfix \"><div  class=\"one-col column-block clearfix  no-background    \" data-animation=\"\" style=\"  \"><div class=\"be-custom-column-inner\"><hr class=\"separator\" style=\"background-color:#eeeeee;color:#eeeeee;height:2px;width:100%;\" \/><\/div><\/div><\/div><\/div><\/div><div class=\"be-section         clearfix\" data-headerscheme=\"background--light\" style=\" background-color: #ffffff;border-bottom:0px solid #eeee22;\"  ><div class=\"be-section-pad clearfix be-edge-padding\" style=\" padding-top:10px;padding-bottom:10px;padding-left:15%; padding-right:15%;\" data-padding-top = \"10\"><div  class=\"be-row  \"><div  class=\"one-third column-block  no-background    \" data-animation=\"\" style=\"  \"><div class=\"be-custom-column-inner\"><div class=\" content-slide-wrap\" data-animation=\"flash\" ><div class=\" content-slider clearfix\"><ul class=\"clearfix slides content_slider_module clearfix\" data-slide-show=\"0\" data-slide-show-speed=\"4000\" data-slide-animation-type=\"slide\"><li class=\"content_slide slide clearfix\"><div class=\"content_slide_inner\" style=\"width: 400%\"><div class=\"content-slide-content\"><p><img class=\"alignleft size-medium wp-image-665\" src=\"https:\/\/www.farmacialusitana.com\/wp-content\/uploads\/2024\/01\/GD16-300x109.jpg\" alt=\"\" width=\"300\" height=\"109\"><\/p>\n<\/div><\/div><\/li><\/ul><\/div><\/div><\/div><\/div><div  class=\"two-third column-block  no-background    \" data-animation=\"\" style=\"  vertical-align: top;\"><div class=\"be-custom-column-inner\"><h4><strong>SERVI\u00c7O DE NUTRI\u00c7\u00c3O<\/strong><\/h4>\n<p>GOOD DIET<\/p>\n<p>Dieta Metab\u00f3lica<\/p>\n<\/div><\/div><\/div><\/div><\/div><div class=\"be-section         clearfix\" data-headerscheme=\"background--light\" style=\" \"  data-title = \"ttile\"><div class=\"be-section-pad clearfix be-edge-padding\" style=\" padding-top:20px;padding-bottom:40px;padding-left:10%; padding-right:10%;\" data-padding-top = \"20\"><div  class=\"be-row be-wrap clearfix \"><div  class=\"one-col column-block clearfix  no-background    \" data-animation=\"\" style=\"  \"><div class=\"be-custom-column-inner\"><hr class=\"separator\" style=\"background-color:#eeeeee;color:#eeeeee;height:2px;width:100%;\" \/><\/div><\/div><\/div><\/div><\/div>","protected":false},"excerpt":{"rendered":"<p>A Sa\u00fade \u00e9 o nosso bem mais precioso. SERVI\u00c7OS FARMAC\u00caUTICOS . Tens\u00e3o arterial . Peso, Altura, IMC . Administra\u00e7\u00e3o de Vacinas (n\u00e3o inclu\u00eddas no plano nacional de Vacina\u00e7\u00e3o) . Valormed [&hellip;]<\/p>\n<p><a href=\"https:\/\/www.farmacialusitana.com\/index.php\/a-farmacia\/\" class=\"more-link style1-button\">Read More<\/a><\/p>","protected":false},"author":1,"featured_media":0,"parent":0,"menu_order":0,"comment_status":"closed","ping_status":"closed","template":"","meta":[],"_links":{"self":[{"href":"https:\/\/www.farmacialusitana.com\/index.php\/wp-json\/wp\/v2\/pages\/98"}],"collection":[{"href":"https:\/\/www.farmacialusitana.com\/index.php\/wp-json\/wp\/v2\/pages"}],"about":[{"href":"https:\/\/www.farmacialusitana.com\/index.php\/wp-json\/wp\/v2\/types\/page"}],"author":[{"embeddable":true,"href":"https:\/\/www.farmacialusitana.com\/index.php\/wp-json\/wp\/v2\/users\/1"}],"replies":[{"embeddable":true,"href":"https:\/\/www.farmacialusitana.com\/index.php\/wp-json\/wp\/v2\/comments?post=98"}],"version-history":[{"count":4,"href":"https:\/\/www.farmacialusitana.com\/index.php\/wp-json\/wp\/v2\/pages\/98\/revisions"}],"predecessor-version":[{"id":113,"href":"https:\/\/www.farmacialusitana.com\/index.php\/wp-json\/wp\/v2\/pages\/98\/revisions\/113"}],"wp:attachment":[{"href":"https:\/\/www.farmacialusitana.com\/index.php\/wp-json\/wp\/v2\/media?parent=98"}],"curies":[{"name":"wp","href":"https:\/\/api.w.org\/{rel}","templated":true}]}}